064109 prime?
True
Is 2402673731 prime?
True
Is 56058185 a composite number?
True
Is 8482517 a prime number?
False
Is 724939 composite?
False
Is 8809287 composite?
True
Is 33405677 a prime number?
True
Is 885013 prime?
False
Is 6246881 a composite number?
False
Is 19548203 composite?
False
Is 26787809 prime?
False
Is 375919501 a prime number?
True
Is 172699169 prime?
True
Is 17939447 a prime number?
True
Is 121832887 a prime number?
False
Is 2239067 a composite number?
True
Is 2252647 a prime number?
True
Is 45522961 prime?
False
Is 26058905 prime?
False
Is 303783911 a composite number?
True
Is 16851581 a composite number?
True
Is 3795661 a prime number?
True
Is 739507 composite?
False
Is 203231 a composite number?
True
Is 103021271 prime?
True
Is 31788335 prime?
False
Is 61211 a composite number?
False
Is 780893 composite?
True
Is 461971 composite?
False
Is 31743869 composite?
True
Is 3191 prime?
True
Is 89647843 a composite number?
False
Is 2539627 a prime number?
True
Is 4274377 a composite number?
False
Is 3244007 a prime number?
False
Is 105448867 a composite number?
False
Is 4000907 composite?
False
Is 6865354 a composite number?
True
Is 583633 a composite number?
True
Is 1135463 prime?
False
Is 1441960951 a prime number?
False
Is 21392179 a prime number?
False
Is 2109565 composite?
True
Is 10689221 composite?
False
Is 1234853 prime?
True
Is 516266359 a prime number?
False
Is 209859029 a composite number?
True
Is 3972887 composite?
True
Is 7507329 a composite number?
True
Is 1773307 prime?
True
Is 23024569 a composite number?
True
Is 264881 a prime number?
True
Is 181144361 a composite number?
False
Is 20898103 composite?
True
Is 189111499 a composite number?
False
Is 885215 a composite number?
True
Is 33536317 a composite number?
True
Is 4437053 prime?
True
Is 5921351 composite?
False
Is 6887197 a composite number?
True
Is 986231 composite?
True
Is 2372863 prime?
False
Is 4994593 composite?
True
Is 17998691 prime?
True
Is 3079649 a prime number?
True
Is 17879989 a prime number?
True
Is 679433 composite?
False
Is 355824367 a composite number?
True
Is 417223891 composite?
True
Is 39565549 a composite number?
True
Is 133510621 a composite number?
False
Is 15218501 prime?
False
Is 405493949 prime?
False
Is 9284897 prime?
False
Is 24321047 prime?
True
Is 38735153 prime?
True
Is 2023807991 prime?
True
Is 209543 a composite number?
False
Is 2016631 composite?
True
Is 389121 composite?
True
Is 203460727 prime?
True
Is 464914885 a prime number?
False
Is 337858847 a composite number?
False
Is 17326297 a prime number?
False
Is 285823 prime?
True
Is 471950657 a prime number?
True
Is 52345967 a composite number?
False
Is 18215839 prime?
False
Is 2454469 prime?
False
Is 26658497 a prime number?
False
Is 7747154 composite?
True
Is 19846573 a composite number?
True
Is 162928354 composite?
True
Is 14319589 a prime number?
False
Is 62289703 a prime number?
False
Is 6492481 a prime number?
False
Is 7635535 composite?
True
Is 14299013 composite?
False
Is 14327429 prime?
True
Is 20975597 composite?
False
Is 5405567 a prime number?
False
Is 27136231 prime?
True
Is 2484157 a composite number?
True
Is 1936147 composite?
True
Is 466677235 composite?
True
Is 376420207 prime?
False
Is 222206 a prime number?
False
Is 199049 a prime number?
True
Is 132569186 composite?
True
Is 31941601 a prime number?
False
Is 10194091 a prime number?
True
Is 691627903 a composite number?
True
Is 11791555 a prime number?
False
Is 585053203 prime?
False
Is 45763271 prime?
False
Is 49368509 a prime number?
True
Is 516991 a prime number?
True
Is 33381393 composite?
True
Is 16345045 composite?
True
Is 48622909 a composite number?
False
Is 920099 prime?
False
Is 1592873 a composite number?
True
Is 12220529 a prime number?
True
Is 14131001 prime?
True
Is 110706719 a prime number?
True
Is 28398991 a prime number?
False
Is 38240227 a composite number?
True
Is 10010837 composite?
True
Is 48045265 prime?
False
Is 35304427 a composite number?
True
Is 37992989 composite?
True
Is 39255149 composite?
False
Is 4852039 prime?
True
Is 702955681 prime?
True
Is 187600573 composite?
True
Is 60419647 a prime number?
False
Is 66831823 prime?
True
Is 104890741 composite?
True
Is 300958465 a composite number?
True
Is 36062239 a prime number?
True
Is 2332643 a composite number?
False
Is 2411177 a composite number?
False
Is 49272359 a composite number?
True
Is 442075631 composite?
False
Is 6459491 composite?
False
Is 51652217 prime?
False
Is 5457013 prime?
True
Is 4064357 a prime number?
False
Is 90528701 prime?
True
Is 71055287 a prime number?
False
Is 973547 prime?
True
Is 39148591 a prime number?
False
Is 3861653 a composite number?
True
Is 490069 a prime number?
False
Is 12131617 prime?
False
Is 182594 a prime number?
False
Is 5899073 prime?
True
Is 256642609 prime?
False
Is 22689631 prime?
True
Is 2747062 prime?
False
Is 2611393 a prime number?
False
Is 58267255 composite?
True
Is 19204837 a prime number?
True
Is 5134277 prime?
False
Is 1507663 a composite number?
True
Is 9262007 a prime number?
True
Is 8026621 a prime number?
False
Is 153385403 composite?
False
Is 353303 composite?
True
Is 1845289 composite?
False
Is 27532613 a composite number?
False
Is 24221629 a composite number?
False
Is 768079 a prime number?
False
Is 208324945 a composite number?
True
Is 322052447 a prime number?
True
Is 119019183 composite?
True
Is 454783 a composite number?
True
Is 60744071 a composite number?
False
Is 161660621 a composite number?
False
Is 1409701 a prime number?
False
Is 935651 a composite number?
False
Is 231342653 a prime number?
False
Is 3668537 prime?
False
Is 15557951 composite?
True
Is 327127 a prime number?
True
Is 612629 prime?
False
Is 73993327 composite?
True
Is 29100361 a composite number?
True
Is 6038587 a composite number?
True
Is 146881661 prime?
True
Is 14672653 a prime number?
True
Is 127378141 a prime number?
False
Is 53505433 a composite number?
False
Is 1514131 prime?
True
Is 1323982807 a prime number?
False
Is 106857593 composite?
True
Is 743191 a composite number?
True
Is 354097 composite?
False
Is 27885787 prime?
False
Is 1193897 a prime number?
False
Is 1935409 a prime number?
False
Is 775393 composite?
False
Is 678841 composite?
True
Is 35806349 a composite number?
False
Is 209437847 a composite number?
False
Is 61457353 a composite number?
False
Is 140948371 prime?
True
Is 216817967 a composite number?
False
Is 414091853 composite?
True
Is 383264107 a prime number?
True
Is 90548729 a composite number?
True
Is 8145987 a prime number?
False
Is 11388187 composite?
True
Is 10157531 prime?
True
Is 276139 composite?
True
Is 68165627 a prime number?
False
Is 10767527 a composite number?
True
Is 41469833 a composite number?
False
Is 2070293 composite?
True
Is 1180973347 prime?
True
Is 55110359 a prime number?
True
Is 22028683 a composite number?
True
Is 27846853 a prime number?
True
Is 3971281 a prime number?
True
Is 79945091 prime?
False
Is 6374821 a composite number?
False
Is 31057111 composite?
False
Is 24371273 prime?
True
Is 293611 composite?
True
Is 1550623 a prime number?
False
Is 121376779 prime?
False
Is 366379523 prime?
False
Is 202463 a prime number?
False
Is 304911193 prime?
True
Is 54302411 prime?
True
Is 45469393 composite?
True
Is 23469349 a prime number?
False
Is 1430131 a composite number?
False
Is 8904163 composite?
False
Is 439271 prime?
False
Is 19114871 a prime number?
False
Is 33893701 composite?
True
Is 22507865 composite?
True
Is 898341 a composite number?
True
Is 594515501 prime?
True
Is 7060631 composite?
False
Is 526457 composite?
True
Is 412533193 a composite number?
False
Is 26263613 a prime number?
False
Is 1306911 a composite number?
True
Is 284129 a composite number?
False
Is 420191 a composite number?
False
Is 314867957 prime?
True
Is 1378747 a composite number?
True
Is 109801 a composite number?
True
Is 12455129 a composite number?
False
Is 2684423 a prime number?
False
Is 39714497 a composite number?
True
Is 8066251 a composite number?
False
Is 4421987 a composite number?
False
Is 3310402 a composite number?
True
Is 133347927 a composite number?
True
Is 2814757 a composite number?
True
Is 24025571 composite?
False
Is 20308391 composite?
True
Is 1306660